= r**3 - 11*r**2 + 11*r + 11. Let q be f(10). Suppose -2*m + q = m. What is the remainder when d is divided by m?
6
Let h = 29 + -13. Suppose 13*v = -2*v + 690. What is the remainder when v is divided by h?
14
Suppose -126 = -4*c - 14. Let i = 60 - c. Let b = 10 - -1. Calculate the remainder when i is divided by b.
10
Let x = 43 - 33. What is the remainder when 19 is divided by x?
9
Suppose 1 = -3*d - 20. Calculate the remainder when 21 is divided by d*(1 + -2) + 1.
5
What is the remainder when ((-18)/24)/(2/(-48)) is divided by 5?
3
Suppose -4*q + 31 = 3*x - 4*x, 0 = -q + 5*x + 22. Calculate the remainder when 26 is divided by q.
5
Suppose 4*w - 274 = -2*k, 5*k = -5*w + 2*k + 341. Let y(f) = f + 20. Let s be y(0). What is the remainder when w is divided by (-18)/(-15)*s/1?
22
Suppose 3*s - 5*s + 6 = 0. Let a = 7 - s. What is the remainder when 15 is divided by 3/6*2*a?
3
Let i = -42 - -99. What is the remainder when i is divided by (60/8)/(1 - (-3)/(-6))?
12
Suppose 4*g = -t + 3*t - 24, 5*t = -2*g. Suppose -4*p - t*r + 10 + 14 = 0, -2*r = 4. Let a = p + 12. What is the remainder when 37 is divided by a?
18
Calculate the remainder when (6 + -3)*47/3 is divided by 16.
15
Suppose 5*v - 29 = -9. Suppose -4*s = v*r + 16, 0 = -2*r - 0*s - 4*s - 14. What is the remainder when 3 - r*69/3 is divided by 14?
12
Suppose -2*k - 2*k = -16. Suppose 0 = 5*f - h - 117, -k*f = -5*h - 9 - 72. Calculate the remainder when 95 is divided by f.
23
Suppose -s + 6 + 36 = 0. Suppose s = 3*g - a - 4*a, -g + 4*a = -21. What is the remainder when 16 is divided by g?
7
Let m be (1 - 0)/((-1)/(-5)). Suppose 0 = -2*o - o + m*l + 33, -3*o + 24 = -2*l. Calculate the remainder when 11 is divided by o.
5
Let c = -18 - -30. Suppose 4*m - 3*i - 28 = 0, -i = 2*i + c. Calculate the remainder when 5 is divided by m.
1
Let v(w) = -20*w - 21. Calculate the remainder when v(-3) is divided by 11.
6
Suppose -17 = 3*b - 5. Let n be (-2)/b + 15/2. What is the remainder when n/12*3/2 is divided by 1?
0
Suppose 4*f = f + 3. What is the remainder when 2 is divided by f?
0
Let j(w) = 5*w**2 - 35*w + 15. Calculate the remainder when j(7) is divided by 7*(-1 - 13/(-7)).
3
Calculate the remainder when 3 is divided by (3 + 3)/3 - 1.
0
Let z(j) = 2*j**2 - 4*j + 7. Let v(b) = -3*b**2 + 9*b - 13. Let x(l) = -3*v(l) - 5*z(l). Let w = 1 - -2. Calculate the remainder when x(-7) is divided by w.
1
Let d = -22 - -31. Suppose 16 = 5*c - d. Calculate the remainder when 19 is divided by c.
4
What is the remainder when 399/35 + 2/(-5) is divided by 4?
3
Suppose 4*d + d - 35 = 0. Let x = d - 2. Suppose 6*s - 2*s + 68 = 4*c, 5*c = -5*s + 55. Calculate the remainder when c is divided by x.
4
Let w be (-3)/(-2)*(-2)/(-3). Suppose 0*b + b = 3, 0 = 3*s - 3*b. Calculate the remainder when ((-5)/s)/(w/(-15)) is divided by 13.
12
What is the remainder when 3 + (-426)/(1 - 4) is divided by 37?
34
Suppose -118 = 3*n - 307. What is the remainder when n is divided by 13?
11
Suppose -f = 2*f - 243. What is the remainder when f is divided by 21?
18
Let h = 17 - -12. Let y(u) = 3*u**2 - u. Let r be y(-1). Calculate the remainder when h is divided by (-28)/(-3) + r/6.
9
Let g(i) be the second derivative of i**4/12 + 7*i**3/3 - 9*i**2/2 + 4*i. What is the remainder when 14 is divided by g(-15)?
2
Suppose 177 = 4*b - 87. Calculate the remainder when b is divided by 14.
10
Let t = 19 - 15. What is the remainder when 21 is divided by t?
1
Suppose -o = 3*o. Suppose -h - h + 20 = o. What is the remainder when 19 is divided by h?
9
Let h = 18 - 13. Suppose 2*o - 11 = 3*x, -h*o + 4 = -16. Calculate the remainder when 4/6*(-84)/x is divided by 19.
18
Let k = 46 - 27. Let w(a) = -a. Let t(p) = 2*p - 8. Let n(r) = t(r) + 5*w(r). What is the remainder when k is divided by n(-6)?
9
Let f = 72 - 122. What is the remainder when 46 is divided by 1/(-5) - 810/f?
14
Suppose -4*o = -3*h - 2, 2*o + 5 = 2*h + 3. Let n(k) = -6*k - 61. Calculate the remainder when n(-13) is divided by h.
5
Let l = -2 - -28. Let u(x) = x**3 - 16*x**2 + 34*x - 9. What is the remainder when u(14) is divided by l?
23
Let b(p) be the third derivative of 14*p**5/15 - p**4/12 - p**3/6 - 7*p**2. What is the remainder when b(-1) is divided by 20?
17
Suppose 6*v = 264 - 6. What is the remainder when v is divided by 15?
13
Suppose -m = m + 10. Suppose 6 = 2*a - o - 7, 4*o - 32 = -4*a. Calculate the remainder when a is divided by ((-3)/5)/(1/m).
1
Let u(a) = a**2 + 5*a - 2. Let m(l) = -2*l - 1. Calculate the remainder when u(-7) is divided by m(-4).
5
Suppose k - 83 = 2*r, 5*k + 3*r - 441 = -0*r. Calculate the remainder when k is divided by 30.
27
What is the remainder when -138*2*(-3)/12 is divided by 8?
5
Let x = 15 - 13. Suppose 0 = x*w + w - 57. What is the remainder when 35 is divided by w?
16
Calculate the remainder when 405 is divided by 4/((-5)/435*-6).
57
Let m(u) = -u + 26. What is the remainder when 35 is divided by m(14)?
11
Suppose -5*m + 3*k + 1 = -5, -m + 4*k = 9. Suppose w = -2*t - 6, t - m = -2. Let a(h) = h + 9. Calculate the remainder when 2 is divided by a(w).
0
Calculate the remainder when 3/12 + 102/8 is divided by (-4)/(-3) + (-24)/(-9).
1
Let x = -4 + 6. Calculate the remainder when 12 is divided by x/(-11) + 395/55.
5
Let f be (0/2)/(-1 - 0). Suppose f*h + 2*h = 8. What is the remainder when 11 is divided by h?
3
Suppose 0*j = -3*j + 294. Calculate the remainder when j is divided by 17.
13
Suppose 4*u - 29 = 23. Let m be (-2)/3 - 14/6. What is the remainder when 38 is divided by u/(m - -2 - -2)?
12
Suppose 5*g + 2*s - 62 = 0, -27 = g - 3*g - 3*s. What is the remainder when 45 is divided by g?
9
Let h be 392/10 - (-6)/(-30). What is the remainder when 50 is divided by (h/(-12))/(2/(-8))?
11
Let k = -65 + 140. Calculate the remainder when k is divided by (-2)/(-1)*(-38)/(-4).
18
Let l(r) be the second derivative of -3*r - r**2 + 0 + 1/12*r**4 - 1/6*r**3. What is the remainder when 6 is divided by l(3)?
2
Let c = 2 + 24. Calculate the remainder when c is divided by 7.
5
Let i = -444 - -703. Suppose 4*m = -5*x + i, 0 = 3*m + 3*x - 5*x - 200. What is the remainder when m is divided by 17?
15
Let k = -31 + 52. Let p = k + -13. What is the remainder when 29 is divided by p?
5
Suppose i - 61 = -2*b - 0*i, 0 = 5*b + 4*i - 157. Let c(j) = 14*j**2 + 1. Let h be c(-1). Let o = 0 + h. Calculate the remainder when b is divided by o.
14
Let g(v) = -v**3 + 7*v**2 - 4*v - 3. Let z be g(6). Let h = 8 + z. What is the remainder when 49 is divided by h?
15
Let z = -9 - -26. What is the remainder when 69 + 2/(-3)*3 is divided by z?
16
Let w(h) = -h + 3. What is the remainder when 35 is divided by w(-18)?
14
Let g be 2*3/(-18)*-51. Suppose 51 = 4*h - w, 4*h = 2*w + g + 29. What is the remainder when 39 is divided by h?
11
Suppose 2*z - 20 = 2*y - y, 45 = 5*z - 5*y. What is the remainder when 19 is divided by z?
8
Let a be 1/((2/10)/(-1)). Let z = 1 - a. Calculate the remainder when z/(-12) - 58/(-4) is divided by 5.
4
Let f be (2/(-3))/(4/(-30)). Suppose 111 = f*k - 2*k. What is the remainder when k is divided by 2/(-7) + 279/21?
11
Let t be (3 - (0 + 1)) + 3. Suppose t*s = -163 - 97. Let y = s + 113. What is the remainder when y is divided by 21?
19
Let y = 2 - -2. Let f be (3/y)/((-1)/(-8)). Suppose 5*g - 2*g + 3*w = 0, w = 5*g - f. What is the remainder when 1 is divided by g?
0
What is the remainder when 17 is divided by (-9)/(-1) - (-5 - -4)?
7
Let h(v) = v**3 - 6*v**2 + v - 8. Calculate the remainder when h(7) is divided by 25.
23
Suppose 0 = -0*i - 4*i + 56. Let s = 25 + -12. Calculate the remainder when 36/1*i/21 is divided by s.
11
Suppose 4*q - 51 - 5 = -2*v, 4*v - 94 = -2*q. Calculate the remainder when 31 is divided by v/4*(3 + -1).
9
What is the remainder when (-396)/(-16) + (-5)/(-4) + -1 is divided by 13?
12
Let a = 4 + 3. What is the remainder when 18 is divided by a?
4
Let i(g) = -g**3 - 3*g**2 + 4*g + 4. Let r be i(-4). Suppose -j + 4*b = -50, -j - 2*j + r*b = -126. What is the remainder when j is divided by 20?
18
Suppose 92 = 3*h + 5*j, h - 32 = -j - j. Calculate the remainder when 46 is divided by h.
22
Suppose 0 = 5*i + 4*h - 55, -6*h = -10*h. What is the remainder when (0 - 0)*1 - -43 is divided by i?
10
Calculate the remainder when 366/(-4)*(-10